{"id":15564,"date":"2026-05-01T16:18:33","date_gmt":"2026-05-01T16:18:33","guid":{"rendered":"https:\/\/fotorosta.cz\/?page_id=15564"},"modified":"2026-05-01T16:18:33","modified_gmt":"2026-05-01T16:18:33","slug":"staveni-maje-rocniku-2008","status":"publish","type":"page","link":"https:\/\/fotorosta.cz\/?page_id=15564","title":{"rendered":"Stav\u011bn\u00ed m\u00e1je  ro\u010dn\u00edku 2008"},"content":{"rendered":"\n<!-- default-view.php -->\n<div\n\tclass=\"ngg-galleryoverview default-view  ngg-ajax-pagination-none\"\n\tid=\"ngg-gallery-29059b491520e53225f5a4e37cb9ec14-1\">\n\n\t\t<!-- Thumbnails -->\n\t\t\t\t<div id=\"ngg-image-0\" class=\"ngg-gallery-thumbnail-box \" >\n\t\t\t\t        <div class=\"ngg-gallery-thumbnail\">\n            <a href=\"https:\/\/fotorosta.cz\/wp-content\/gallery\/maj-2026\/103maj.JPG\"\n               title=\"\"\n               data-src=\"https:\/\/fotorosta.cz\/wp-content\/gallery\/maj-2026\/103maj.JPG\"\n               data-thumbnail=\"https:\/\/fotorosta.cz\/wp-content\/gallery\/maj-2026\/thumbs\/thumbs_103maj.JPG\"\n               data-image-id=\"58734\"\n               data-title=\"103maj\"\n               data-description=\"\"\n               data-image-slug=\"103maj\"\n               class=\"shutterset_29059b491520e53225f5a4e37cb9ec14\">\n                <img\n                    title=\"103maj\"\n                    alt=\"103maj\"\n                    src=\"https:\/\/fotorosta.cz\/wp-content\/gallery\/maj-2026\/thumbs\/thumbs_103maj.JPG\"\n                    width=\"100\"\n                    height=\"75\"\n                    style=\"max-width:100%;\"\n                \/>\n            <\/a>\n        <\/div>\n\t\t\t\t\t\t\t<\/div> \n\t\t\t\n\t\t\t\t<div id=\"ngg-image-1\" class=\"ngg-gallery-thumbnail-box \" >\n\t\t\t\t        <div class=\"ngg-gallery-thumbnail\">\n            <a href=\"https:\/\/fotorosta.cz\/wp-content\/gallery\/maj-2026\/105maj.JPG\"\n               title=\"\"\n               data-src=\"https:\/\/fotorosta.cz\/wp-content\/gallery\/maj-2026\/105maj.JPG\"\n               data-thumbnail=\"https:\/\/fotorosta.cz\/wp-content\/gallery\/maj-2026\/thumbs\/thumbs_105maj.JPG\"\n               data-image-id=\"58735\"\n               data-title=\"105maj\"\n               data-description=\"\"\n               data-image-slug=\"105maj\"\n               class=\"shutterset_29059b491520e53225f5a4e37cb9ec14\">\n                <img\n                    title=\"105maj\"\n                    alt=\"105maj\"\n                    src=\"https:\/\/fotorosta.cz\/wp-content\/gallery\/maj-2026\/thumbs\/thumbs_105maj.JPG\"\n                    width=\"100\"\n                    height=\"75\"\n                    style=\"max-width:100%;\"\n                \/>\n            <\/a>\n        <\/div>\n\t\t\t\t\t\t\t<\/div> \n\t\t\t\n\t\t\t\t<div id=\"ngg-image-2\" class=\"ngg-gallery-thumbnail-box \" >\n\t\t\t\t        <div class=\"ngg-gallery-thumbnail\">\n            <a href=\"https:\/\/fotorosta.cz\/wp-content\/gallery\/maj-2026\/100maj.JPG\"\n               title=\"\"\n               data-src=\"https:\/\/fotorosta.cz\/wp-content\/gallery\/maj-2026\/100maj.JPG\"\n               data-thumbnail=\"https:\/\/fotorosta.cz\/wp-content\/gallery\/maj-2026\/thumbs\/thumbs_100maj.JPG\"\n               data-image-id=\"58736\"\n               data-title=\"100maj\"\n               data-description=\"\"\n               data-image-slug=\"100maj\"\n               class=\"shutterset_29059b491520e53225f5a4e37cb9ec14\">\n                <img\n                    title=\"100maj\"\n                    alt=\"100maj\"\n                    src=\"https:\/\/fotorosta.cz\/wp-content\/gallery\/maj-2026\/thumbs\/thumbs_100maj.JPG\"\n                    width=\"100\"\n                    height=\"75\"\n                    style=\"max-width:100%;\"\n                \/>\n            <\/a>\n        <\/div>\n\t\t\t\t\t\t\t<\/div> \n\t\t\t\n\t\t\t\t<div id=\"ngg-image-3\" class=\"ngg-gallery-thumbnail-box \" >\n\t\t\t\t        <div class=\"ngg-gallery-thumbnail\">\n            <a href=\"https:\/\/fotorosta.cz\/wp-content\/gallery\/maj-2026\/101maj.JPG\"\n               title=\"\"\n               data-src=\"https:\/\/fotorosta.cz\/wp-content\/gallery\/maj-2026\/101maj.JPG\"\n               data-thumbnail=\"https:\/\/fotorosta.cz\/wp-content\/gallery\/maj-2026\/thumbs\/thumbs_101maj.JPG\"\n               data-image-id=\"58737\"\n               data-title=\"101maj\"\n               data-description=\"\"\n               data-image-slug=\"101maj\"\n               class=\"shutterset_29059b491520e53225f5a4e37cb9ec14\">\n                <img\n                    title=\"101maj\"\n                    alt=\"101maj\"\n                    src=\"https:\/\/fotorosta.cz\/wp-content\/gallery\/maj-2026\/thumbs\/thumbs_101maj.JPG\"\n                    width=\"100\"\n                    height=\"75\"\n                    style=\"max-width:100%;\"\n                \/>\n            <\/a>\n        <\/div>\n\t\t\t\t\t\t\t<\/div> \n\t\t\t\n\t\t\t\t<div id=\"ngg-image-4\" class=\"ngg-gallery-thumbnail-box \" >\n\t\t\t\t        <div class=\"ngg-gallery-thumbnail\">\n            <a href=\"https:\/\/fotorosta.cz\/wp-content\/gallery\/maj-2026\/102maj.JPG\"\n               title=\"\"\n               data-src=\"https:\/\/fotorosta.cz\/wp-content\/gallery\/maj-2026\/102maj.JPG\"\n               data-thumbnail=\"https:\/\/fotorosta.cz\/wp-content\/gallery\/maj-2026\/thumbs\/thumbs_102maj.JPG\"\n               data-image-id=\"58738\"\n               data-title=\"102maj\"\n               data-description=\"\"\n               data-image-slug=\"102maj\"\n               class=\"shutterset_29059b491520e53225f5a4e37cb9ec14\">\n                <img\n                    title=\"102maj\"\n                    alt=\"102maj\"\n                    src=\"https:\/\/fotorosta.cz\/wp-content\/gallery\/maj-2026\/thumbs\/thumbs_102maj.JPG\"\n                    width=\"100\"\n                    height=\"75\"\n                    style=\"max-width:100%;\"\n                \/>\n            <\/a>\n        <\/div>\n\t\t\t\t\t\t\t<\/div> \n\t\t\t\n\t\t\t\t<div id=\"ngg-image-5\" class=\"ngg-gallery-thumbnail-box \" >\n\t\t\t\t        <div class=\"ngg-gallery-thumbnail\">\n            <a href=\"https:\/\/fotorosta.cz\/wp-content\/gallery\/maj-2026\/104maj.JPG\"\n               title=\"\"\n               data-src=\"https:\/\/fotorosta.cz\/wp-content\/gallery\/maj-2026\/104maj.JPG\"\n               data-thumbnail=\"https:\/\/fotorosta.cz\/wp-content\/gallery\/maj-2026\/thumbs\/thumbs_104maj.JPG\"\n               data-image-id=\"58739\"\n               data-title=\"104maj\"\n               data-description=\"\"\n               data-image-slug=\"104maj\"\n               class=\"shutterset_29059b491520e53225f5a4e37cb9ec14\">\n                <img\n                    title=\"104maj\"\n                    alt=\"104maj\"\n                    src=\"https:\/\/fotorosta.cz\/wp-content\/gallery\/maj-2026\/thumbs\/thumbs_104maj.JPG\"\n                    width=\"100\"\n                    height=\"75\"\n                    style=\"max-width:100%;\"\n                \/>\n            <\/a>\n        <\/div>\n\t\t\t\t\t\t\t<\/div> \n\t\t\t\n\t\t\t\t<div id=\"ngg-image-6\" class=\"ngg-gallery-thumbnail-box \" >\n\t\t\t\t        <div class=\"ngg-gallery-thumbnail\">\n            <a href=\"https:\/\/fotorosta.cz\/wp-content\/gallery\/maj-2026\/106maj.JPG\"\n               title=\"\"\n               data-src=\"https:\/\/fotorosta.cz\/wp-content\/gallery\/maj-2026\/106maj.JPG\"\n               data-thumbnail=\"https:\/\/fotorosta.cz\/wp-content\/gallery\/maj-2026\/thumbs\/thumbs_106maj.JPG\"\n               data-image-id=\"58740\"\n               data-title=\"106maj\"\n               data-description=\"\"\n               data-image-slug=\"106maj\"\n               class=\"shutterset_29059b491520e53225f5a4e37cb9ec14\">\n                <img\n                    title=\"106maj\"\n                    alt=\"106maj\"\n                    src=\"https:\/\/fotorosta.cz\/wp-content\/gallery\/maj-2026\/thumbs\/thumbs_106maj.JPG\"\n                    width=\"100\"\n                    height=\"75\"\n                    style=\"max-width:100%;\"\n                \/>\n            <\/a>\n        <\/div>\n\t\t\t\t\t\t\t<\/div> \n\t\t\t\n\t\t\t\t<div id=\"ngg-image-7\" class=\"ngg-gallery-thumbnail-box \" >\n\t\t\t\t        <div class=\"ngg-gallery-thumbnail\">\n            <a href=\"https:\/\/fotorosta.cz\/wp-content\/gallery\/maj-2026\/107maj.JPG\"\n               title=\"\"\n               data-src=\"https:\/\/fotorosta.cz\/wp-content\/gallery\/maj-2026\/107maj.JPG\"\n               data-thumbnail=\"https:\/\/fotorosta.cz\/wp-content\/gallery\/maj-2026\/thumbs\/thumbs_107maj.JPG\"\n               data-image-id=\"58741\"\n               data-title=\"107maj\"\n               data-description=\"\"\n               data-image-slug=\"107maj\"\n               class=\"shutterset_29059b491520e53225f5a4e37cb9ec14\">\n                <img\n                    title=\"107maj\"\n                    alt=\"107maj\"\n                    src=\"https:\/\/fotorosta.cz\/wp-content\/gallery\/maj-2026\/thumbs\/thumbs_107maj.JPG\"\n                    width=\"100\"\n                    height=\"75\"\n                    style=\"max-width:100%;\"\n                \/>\n            <\/a>\n        <\/div>\n\t\t\t\t\t\t\t<\/div> \n\t\t\t\n\t\t\t\t<div id=\"ngg-image-8\" class=\"ngg-gallery-thumbnail-box \" >\n\t\t\t\t        <div class=\"ngg-gallery-thumbnail\">\n            <a href=\"https:\/\/fotorosta.cz\/wp-content\/gallery\/maj-2026\/109maj.JPG\"\n               title=\"\"\n               data-src=\"https:\/\/fotorosta.cz\/wp-content\/gallery\/maj-2026\/109maj.JPG\"\n               data-thumbnail=\"https:\/\/fotorosta.cz\/wp-content\/gallery\/maj-2026\/thumbs\/thumbs_109maj.JPG\"\n               data-image-id=\"58742\"\n               data-title=\"109maj\"\n               data-description=\"\"\n               data-image-slug=\"109maj\"\n               class=\"shutterset_29059b491520e53225f5a4e37cb9ec14\">\n                <img\n                    title=\"109maj\"\n                    alt=\"109maj\"\n                    src=\"https:\/\/fotorosta.cz\/wp-content\/gallery\/maj-2026\/thumbs\/thumbs_109maj.JPG\"\n                    width=\"100\"\n                    height=\"75\"\n                    style=\"max-width:100%;\"\n                \/>\n            <\/a>\n        <\/div>\n\t\t\t\t\t\t\t<\/div> \n\t\t\t\n\t\t\t\t<div id=\"ngg-image-9\" class=\"ngg-gallery-thumbnail-box \" >\n\t\t\t\t        <div class=\"ngg-gallery-thumbnail\">\n            <a href=\"https:\/\/fotorosta.cz\/wp-content\/gallery\/maj-2026\/108maj.JPG\"\n               title=\"\"\n               data-src=\"https:\/\/fotorosta.cz\/wp-content\/gallery\/maj-2026\/108maj.JPG\"\n               data-thumbnail=\"https:\/\/fotorosta.cz\/wp-content\/gallery\/maj-2026\/thumbs\/thumbs_108maj.JPG\"\n               data-image-id=\"58743\"\n               data-title=\"108maj\"\n               data-description=\"\"\n               data-image-slug=\"108maj\"\n               class=\"shutterset_29059b491520e53225f5a4e37cb9ec14\">\n                <img\n                    title=\"108maj\"\n                    alt=\"108maj\"\n                    src=\"https:\/\/fotorosta.cz\/wp-content\/gallery\/maj-2026\/thumbs\/thumbs_108maj.JPG\"\n                    width=\"100\"\n                    height=\"75\"\n                    style=\"max-width:100%;\"\n                \/>\n            <\/a>\n        <\/div>\n\t\t\t\t\t\t\t<\/div> \n\t\t\t\n\t\t\t\t<div id=\"ngg-image-10\" class=\"ngg-gallery-thumbnail-box \" >\n\t\t\t\t        <div class=\"ngg-gallery-thumbnail\">\n            <a href=\"https:\/\/fotorosta.cz\/wp-content\/gallery\/maj-2026\/111maj.JPG\"\n               title=\"\"\n               data-src=\"https:\/\/fotorosta.cz\/wp-content\/gallery\/maj-2026\/111maj.JPG\"\n               data-thumbnail=\"https:\/\/fotorosta.cz\/wp-content\/gallery\/maj-2026\/thumbs\/thumbs_111maj.JPG\"\n               data-image-id=\"58744\"\n               data-title=\"111maj\"\n               data-description=\"\"\n               data-image-slug=\"111maj\"\n               class=\"shutterset_29059b491520e53225f5a4e37cb9ec14\">\n                <img\n                    title=\"111maj\"\n                    alt=\"111maj\"\n                    src=\"https:\/\/fotorosta.cz\/wp-content\/gallery\/maj-2026\/thumbs\/thumbs_111maj.JPG\"\n                    width=\"100\"\n                    height=\"75\"\n                    style=\"max-width:100%;\"\n                \/>\n            <\/a>\n        <\/div>\n\t\t\t\t\t\t\t<\/div> \n\t\t\t\n\t\t\t\t<div id=\"ngg-image-11\" class=\"ngg-gallery-thumbnail-box \" >\n\t\t\t\t        <div class=\"ngg-gallery-thumbnail\">\n            <a href=\"https:\/\/fotorosta.cz\/wp-content\/gallery\/maj-2026\/110maj.JPG\"\n               title=\"\"\n               data-src=\"https:\/\/fotorosta.cz\/wp-content\/gallery\/maj-2026\/110maj.JPG\"\n               data-thumbnail=\"https:\/\/fotorosta.cz\/wp-content\/gallery\/maj-2026\/thumbs\/thumbs_110maj.JPG\"\n               data-image-id=\"58745\"\n               data-title=\"110maj\"\n               data-description=\"\"\n               data-image-slug=\"110maj\"\n               class=\"shutterset_29059b491520e53225f5a4e37cb9ec14\">\n                <img\n                    title=\"110maj\"\n                    alt=\"110maj\"\n                    src=\"https:\/\/fotorosta.cz\/wp-content\/gallery\/maj-2026\/thumbs\/thumbs_110maj.JPG\"\n                    width=\"100\"\n                    height=\"75\"\n                    style=\"max-width:100%;\"\n                \/>\n            <\/a>\n        <\/div>\n\t\t\t\t\t\t\t<\/div> \n\t\t\t\n\t\t\t\t<div id=\"ngg-image-12\" class=\"ngg-gallery-thumbnail-box \" >\n\t\t\t\t        <div class=\"ngg-gallery-thumbnail\">\n            <a href=\"https:\/\/fotorosta.cz\/wp-content\/gallery\/maj-2026\/113maj.JPG\"\n               title=\"\"\n               data-src=\"https:\/\/fotorosta.cz\/wp-content\/gallery\/maj-2026\/113maj.JPG\"\n               data-thumbnail=\"https:\/\/fotorosta.cz\/wp-content\/gallery\/maj-2026\/thumbs\/thumbs_113maj.JPG\"\n               data-image-id=\"58746\"\n               data-title=\"113maj\"\n               data-description=\"\"\n               data-image-slug=\"113maj\"\n               class=\"shutterset_29059b491520e53225f5a4e37cb9ec14\">\n                <img\n                    title=\"113maj\"\n                    alt=\"113maj\"\n                    src=\"https:\/\/fotorosta.cz\/wp-content\/gallery\/maj-2026\/thumbs\/thumbs_113maj.JPG\"\n                    width=\"100\"\n                    height=\"75\"\n                    style=\"max-width:100%;\"\n                \/>\n            <\/a>\n        <\/div>\n\t\t\t\t\t\t\t<\/div> \n\t\t\t\n\t\t\t\t<div id=\"ngg-image-13\" class=\"ngg-gallery-thumbnail-box \" >\n\t\t\t\t        <div class=\"ngg-gallery-thumbnail\">\n            <a href=\"https:\/\/fotorosta.cz\/wp-content\/gallery\/maj-2026\/112maj.JPG\"\n               title=\"\"\n               data-src=\"https:\/\/fotorosta.cz\/wp-content\/gallery\/maj-2026\/112maj.JPG\"\n               data-thumbnail=\"https:\/\/fotorosta.cz\/wp-content\/gallery\/maj-2026\/thumbs\/thumbs_112maj.JPG\"\n               data-image-id=\"58747\"\n               data-title=\"112maj\"\n               data-description=\"\"\n               data-image-slug=\"112maj\"\n               class=\"shutterset_29059b491520e53225f5a4e37cb9ec14\">\n                <img\n                    title=\"112maj\"\n                    alt=\"112maj\"\n                    src=\"https:\/\/fotorosta.cz\/wp-content\/gallery\/maj-2026\/thumbs\/thumbs_112maj.JPG\"\n                    width=\"100\"\n                    height=\"75\"\n                    style=\"max-width:100%;\"\n                \/>\n            <\/a>\n        <\/div>\n\t\t\t\t\t\t\t<\/div> \n\t\t\t\n\t\t\t\t<div id=\"ngg-image-14\" class=\"ngg-gallery-thumbnail-box \" >\n\t\t\t\t        <div class=\"ngg-gallery-thumbnail\">\n            <a href=\"https:\/\/fotorosta.cz\/wp-content\/gallery\/maj-2026\/115maj.JPG\"\n               title=\"\"\n               data-src=\"https:\/\/fotorosta.cz\/wp-content\/gallery\/maj-2026\/115maj.JPG\"\n               data-thumbnail=\"https:\/\/fotorosta.cz\/wp-content\/gallery\/maj-2026\/thumbs\/thumbs_115maj.JPG\"\n               data-image-id=\"58748\"\n               data-title=\"115maj\"\n               data-description=\"\"\n               data-image-slug=\"115maj\"\n               class=\"shutterset_29059b491520e53225f5a4e37cb9ec14\">\n                <img\n                    title=\"115maj\"\n                    alt=\"115maj\"\n                    src=\"https:\/\/fotorosta.cz\/wp-content\/gallery\/maj-2026\/thumbs\/thumbs_115maj.JPG\"\n                    width=\"100\"\n                    height=\"75\"\n                    style=\"max-width:100%;\"\n                \/>\n            <\/a>\n        <\/div>\n\t\t\t\t\t\t\t<\/div> \n\t\t\t\n\t\t\t\t<div id=\"ngg-image-15\" class=\"ngg-gallery-thumbnail-box \" >\n\t\t\t\t        <div class=\"ngg-gallery-thumbnail\">\n            <a href=\"https:\/\/fotorosta.cz\/wp-content\/gallery\/maj-2026\/114maj.JPG\"\n               title=\"\"\n               data-src=\"https:\/\/fotorosta.cz\/wp-content\/gallery\/maj-2026\/114maj.JPG\"\n               data-thumbnail=\"https:\/\/fotorosta.cz\/wp-content\/gallery\/maj-2026\/thumbs\/thumbs_114maj.JPG\"\n               data-image-id=\"58749\"\n               data-title=\"114maj\"\n               data-description=\"\"\n               data-image-slug=\"114maj\"\n               class=\"shutterset_29059b491520e53225f5a4e37cb9ec14\">\n                <img\n                    title=\"114maj\"\n                    alt=\"114maj\"\n                    src=\"https:\/\/fotorosta.cz\/wp-content\/gallery\/maj-2026\/thumbs\/thumbs_114maj.JPG\"\n                    width=\"100\"\n                    height=\"75\"\n                    style=\"max-width:100%;\"\n                \/>\n            <\/a>\n        <\/div>\n\t\t\t\t\t\t\t<\/div> \n\t\t\t\n\t\t\t\t<div id=\"ngg-image-16\" class=\"ngg-gallery-thumbnail-box \" >\n\t\t\t\t        <div class=\"ngg-gallery-thumbnail\">\n            <a href=\"https:\/\/fotorosta.cz\/wp-content\/gallery\/maj-2026\/117maj.JPG\"\n               title=\"\"\n               data-src=\"https:\/\/fotorosta.cz\/wp-content\/gallery\/maj-2026\/117maj.JPG\"\n               data-thumbnail=\"https:\/\/fotorosta.cz\/wp-content\/gallery\/maj-2026\/thumbs\/thumbs_117maj.JPG\"\n               data-image-id=\"58750\"\n               data-title=\"117maj\"\n               data-description=\"\"\n               data-image-slug=\"117maj\"\n               class=\"shutterset_29059b491520e53225f5a4e37cb9ec14\">\n                <img\n                    title=\"117maj\"\n                    alt=\"117maj\"\n                    src=\"https:\/\/fotorosta.cz\/wp-content\/gallery\/maj-2026\/thumbs\/thumbs_117maj.JPG\"\n                    width=\"100\"\n                    height=\"75\"\n                    style=\"max-width:100%;\"\n                \/>\n            <\/a>\n        <\/div>\n\t\t\t\t\t\t\t<\/div> \n\t\t\t\n\t\t\t\t<div id=\"ngg-image-17\" class=\"ngg-gallery-thumbnail-box \" >\n\t\t\t\t        <div class=\"ngg-gallery-thumbnail\">\n            <a href=\"https:\/\/fotorosta.cz\/wp-content\/gallery\/maj-2026\/116maj.JPG\"\n               title=\"\"\n               data-src=\"https:\/\/fotorosta.cz\/wp-content\/gallery\/maj-2026\/116maj.JPG\"\n               data-thumbnail=\"https:\/\/fotorosta.cz\/wp-content\/gallery\/maj-2026\/thumbs\/thumbs_116maj.JPG\"\n               data-image-id=\"58751\"\n               data-title=\"116maj\"\n               data-description=\"\"\n               data-image-slug=\"116maj\"\n               class=\"shutterset_29059b491520e53225f5a4e37cb9ec14\">\n                <img\n                    title=\"116maj\"\n                    alt=\"116maj\"\n                    src=\"https:\/\/fotorosta.cz\/wp-content\/gallery\/maj-2026\/thumbs\/thumbs_116maj.JPG\"\n                    width=\"100\"\n                    height=\"75\"\n                    style=\"max-width:100%;\"\n                \/>\n            <\/a>\n        <\/div>\n\t\t\t\t\t\t\t<\/div> \n\t\t\t\n\t\t\t\t<div id=\"ngg-image-18\" class=\"ngg-gallery-thumbnail-box \" >\n\t\t\t\t        <div class=\"ngg-gallery-thumbnail\">\n            <a href=\"https:\/\/fotorosta.cz\/wp-content\/gallery\/maj-2026\/118maj.JPG\"\n               title=\"\"\n               data-src=\"https:\/\/fotorosta.cz\/wp-content\/gallery\/maj-2026\/118maj.JPG\"\n               data-thumbnail=\"https:\/\/fotorosta.cz\/wp-content\/gallery\/maj-2026\/thumbs\/thumbs_118maj.JPG\"\n               data-image-id=\"58752\"\n               data-title=\"118maj\"\n               data-description=\"\"\n               data-image-slug=\"118maj\"\n               class=\"shutterset_29059b491520e53225f5a4e37cb9ec14\">\n                <img\n                    title=\"118maj\"\n                    alt=\"118maj\"\n                    src=\"https:\/\/fotorosta.cz\/wp-content\/gallery\/maj-2026\/thumbs\/thumbs_118maj.JPG\"\n                    width=\"100\"\n                    height=\"75\"\n                    style=\"max-width:100%;\"\n                \/>\n            <\/a>\n        <\/div>\n\t\t\t\t\t\t\t<\/div> \n\t\t\t\n\t\n\t<br style=\"clear: both\" \/>\n\n\t\t<div class=\"slideshowlink\">\n        <a href='https:\/\/fotorosta.cz\/index.php\/nggallery\/slideshow?page_id=15564'>[Show as slideshow]<\/a>\n\t\t\n\t<\/div>\n\t\n\t\t<div class=\"ngg-clear\"><\/div>\n\t<\/div>\n\n","protected":false},"excerpt":{"rendered":"","protected":false},"author":1,"featured_media":0,"parent":14257,"menu_order":20,"comment_status":"closed","ping_status":"closed","template":"","meta":{"ngg_post_thumbnail":0},"_links":{"self":[{"href":"https:\/\/fotorosta.cz\/index.php?rest_route=\/wp\/v2\/pages\/15564"}],"collection":[{"href":"https:\/\/fotorosta.cz\/index.php?rest_route=\/wp\/v2\/pages"}],"about":[{"href":"https:\/\/fotorosta.cz\/index.php?rest_route=\/wp\/v2\/types\/page"}],"author":[{"embeddable":true,"href":"https:\/\/fotorosta.cz\/index.php?rest_route=\/wp\/v2\/users\/1"}],"replies":[{"embeddable":true,"href":"https:\/\/fotorosta.cz\/index.php?rest_route=%2Fwp%2Fv2%2Fcomments&post=15564"}],"version-history":[{"count":1,"href":"https:\/\/fotorosta.cz\/index.php?rest_route=\/wp\/v2\/pages\/15564\/revisions"}],"predecessor-version":[{"id":15565,"href":"https:\/\/fotorosta.cz\/index.php?rest_route=\/wp\/v2\/pages\/15564\/revisions\/15565"}],"up":[{"embeddable":true,"href":"https:\/\/fotorosta.cz\/index.php?rest_route=\/wp\/v2\/pages\/14257"}],"wp:attachment":[{"href":"https:\/\/fotorosta.cz\/index.php?rest_route=%2Fwp%2Fv2%2Fmedia&parent=15564"}],"curies":[{"name":"wp","href":"https:\/\/api.w.org\/{rel}","templated":true}]}}