{"id":6803,"date":"2023-12-02T13:53:42","date_gmt":"2023-12-02T13:53:42","guid":{"rendered":"https:\/\/fotorosta.cz\/?page_id=6803"},"modified":"2023-12-02T13:53:42","modified_gmt":"2023-12-02T13:53:42","slug":"rozsviceni-vanocniho-stromecku","status":"publish","type":"page","link":"https:\/\/fotorosta.cz\/?page_id=6803","title":{"rendered":"Rozsv\u00edcen\u00ed v\u00e1no\u010dn\u00edho strome\u010dku"},"content":{"rendered":"\n<!-- default-view.php -->\n<div\n\tclass=\"ngg-galleryoverview default-view  ngg-ajax-pagination-none\"\n\tid=\"ngg-gallery-730b4749daf59b119353cbb9b447846a-1\">\n\n\t\t<!-- Thumbnails -->\n\t\t\t\t<div id=\"ngg-image-0\" class=\"ngg-gallery-thumbnail-box \" >\n\t\t\t\t        <div class=\"ngg-gallery-thumbnail\">\n            <a href=\"https:\/\/fotorosta.cz\/wp-content\/gallery\/rossviceni-vanocniho-stomecku-2023\/1-strom.JPG\"\n               title=\"\"\n               data-src=\"https:\/\/fotorosta.cz\/wp-content\/gallery\/rossviceni-vanocniho-stomecku-2023\/1-strom.JPG\"\n               data-thumbnail=\"https:\/\/fotorosta.cz\/wp-content\/gallery\/rossviceni-vanocniho-stomecku-2023\/thumbs\/thumbs_1-strom.JPG\"\n               data-image-id=\"50547\"\n               data-title=\"1-strom\"\n               data-description=\"\"\n               data-image-slug=\"1-strom\"\n               class=\"shutterset_730b4749daf59b119353cbb9b447846a\">\n                <img\n                    title=\"1-strom\"\n                    alt=\"1-strom\"\n                    src=\"https:\/\/fotorosta.cz\/wp-content\/gallery\/rossviceni-vanocniho-stomecku-2023\/thumbs\/thumbs_1-strom.JPG\"\n                    width=\"100\"\n                    height=\"75\"\n                    style=\"max-width:100%;\"\n                \/>\n            <\/a>\n        <\/div>\n\t\t\t\t\t\t\t<\/div> \n\t\t\t\n\t\t\t\t<div id=\"ngg-image-1\" class=\"ngg-gallery-thumbnail-box \" >\n\t\t\t\t        <div class=\"ngg-gallery-thumbnail\">\n            <a href=\"https:\/\/fotorosta.cz\/wp-content\/gallery\/rossviceni-vanocniho-stomecku-2023\/5-strom.JPG\"\n               title=\"\"\n               data-src=\"https:\/\/fotorosta.cz\/wp-content\/gallery\/rossviceni-vanocniho-stomecku-2023\/5-strom.JPG\"\n               data-thumbnail=\"https:\/\/fotorosta.cz\/wp-content\/gallery\/rossviceni-vanocniho-stomecku-2023\/thumbs\/thumbs_5-strom.JPG\"\n               data-image-id=\"50548\"\n               data-title=\"5-strom\"\n               data-description=\"\"\n               data-image-slug=\"5-strom\"\n               class=\"shutterset_730b4749daf59b119353cbb9b447846a\">\n                <img\n                    title=\"5-strom\"\n                    alt=\"5-strom\"\n                    src=\"https:\/\/fotorosta.cz\/wp-content\/gallery\/rossviceni-vanocniho-stomecku-2023\/thumbs\/thumbs_5-strom.JPG\"\n                    width=\"100\"\n                    height=\"75\"\n                    style=\"max-width:100%;\"\n                \/>\n            <\/a>\n        <\/div>\n\t\t\t\t\t\t\t<\/div> \n\t\t\t\n\t\t\t\t<div id=\"ngg-image-2\" class=\"ngg-gallery-thumbnail-box \" >\n\t\t\t\t        <div class=\"ngg-gallery-thumbnail\">\n            <a href=\"https:\/\/fotorosta.cz\/wp-content\/gallery\/rossviceni-vanocniho-stomecku-2023\/2-strom.JPG\"\n               title=\"\"\n               data-src=\"https:\/\/fotorosta.cz\/wp-content\/gallery\/rossviceni-vanocniho-stomecku-2023\/2-strom.JPG\"\n               data-thumbnail=\"https:\/\/fotorosta.cz\/wp-content\/gallery\/rossviceni-vanocniho-stomecku-2023\/thumbs\/thumbs_2-strom.JPG\"\n               data-image-id=\"50549\"\n               data-title=\"2-strom\"\n               data-description=\"\"\n               data-image-slug=\"2-strom\"\n               class=\"shutterset_730b4749daf59b119353cbb9b447846a\">\n                <img\n                    title=\"2-strom\"\n                    alt=\"2-strom\"\n                    src=\"https:\/\/fotorosta.cz\/wp-content\/gallery\/rossviceni-vanocniho-stomecku-2023\/thumbs\/thumbs_2-strom.JPG\"\n                    width=\"100\"\n                    height=\"75\"\n                    style=\"max-width:100%;\"\n                \/>\n            <\/a>\n        <\/div>\n\t\t\t\t\t\t\t<\/div> \n\t\t\t\n\t\t\t\t<div id=\"ngg-image-3\" class=\"ngg-gallery-thumbnail-box \" >\n\t\t\t\t        <div class=\"ngg-gallery-thumbnail\">\n            <a href=\"https:\/\/fotorosta.cz\/wp-content\/gallery\/rossviceni-vanocniho-stomecku-2023\/3-strom.JPG\"\n               title=\"\"\n               data-src=\"https:\/\/fotorosta.cz\/wp-content\/gallery\/rossviceni-vanocniho-stomecku-2023\/3-strom.JPG\"\n               data-thumbnail=\"https:\/\/fotorosta.cz\/wp-content\/gallery\/rossviceni-vanocniho-stomecku-2023\/thumbs\/thumbs_3-strom.JPG\"\n               data-image-id=\"50550\"\n               data-title=\"3-strom\"\n               data-description=\"\"\n               data-image-slug=\"3-strom\"\n               class=\"shutterset_730b4749daf59b119353cbb9b447846a\">\n                <img\n                    title=\"3-strom\"\n                    alt=\"3-strom\"\n                    src=\"https:\/\/fotorosta.cz\/wp-content\/gallery\/rossviceni-vanocniho-stomecku-2023\/thumbs\/thumbs_3-strom.JPG\"\n                    width=\"100\"\n                    height=\"75\"\n                    style=\"max-width:100%;\"\n                \/>\n            <\/a>\n        <\/div>\n\t\t\t\t\t\t\t<\/div> \n\t\t\t\n\t\t\t\t<div id=\"ngg-image-4\" class=\"ngg-gallery-thumbnail-box \" >\n\t\t\t\t        <div class=\"ngg-gallery-thumbnail\">\n            <a href=\"https:\/\/fotorosta.cz\/wp-content\/gallery\/rossviceni-vanocniho-stomecku-2023\/4-strom.JPG\"\n               title=\"\"\n               data-src=\"https:\/\/fotorosta.cz\/wp-content\/gallery\/rossviceni-vanocniho-stomecku-2023\/4-strom.JPG\"\n               data-thumbnail=\"https:\/\/fotorosta.cz\/wp-content\/gallery\/rossviceni-vanocniho-stomecku-2023\/thumbs\/thumbs_4-strom.JPG\"\n               data-image-id=\"50551\"\n               data-title=\"4-strom\"\n               data-description=\"\"\n               data-image-slug=\"4-strom\"\n               class=\"shutterset_730b4749daf59b119353cbb9b447846a\">\n                <img\n                    title=\"4-strom\"\n                    alt=\"4-strom\"\n                    src=\"https:\/\/fotorosta.cz\/wp-content\/gallery\/rossviceni-vanocniho-stomecku-2023\/thumbs\/thumbs_4-strom.JPG\"\n                    width=\"100\"\n                    height=\"75\"\n                    style=\"max-width:100%;\"\n                \/>\n            <\/a>\n        <\/div>\n\t\t\t\t\t\t\t<\/div> \n\t\t\t\n\t\t\t\t<div id=\"ngg-image-5\" class=\"ngg-gallery-thumbnail-box \" >\n\t\t\t\t        <div class=\"ngg-gallery-thumbnail\">\n            <a href=\"https:\/\/fotorosta.cz\/wp-content\/gallery\/rossviceni-vanocniho-stomecku-2023\/6-strom.JPG\"\n               title=\"\"\n               data-src=\"https:\/\/fotorosta.cz\/wp-content\/gallery\/rossviceni-vanocniho-stomecku-2023\/6-strom.JPG\"\n               data-thumbnail=\"https:\/\/fotorosta.cz\/wp-content\/gallery\/rossviceni-vanocniho-stomecku-2023\/thumbs\/thumbs_6-strom.JPG\"\n               data-image-id=\"50552\"\n               data-title=\"6-strom\"\n               data-description=\"\"\n               data-image-slug=\"6-strom\"\n               class=\"shutterset_730b4749daf59b119353cbb9b447846a\">\n                <img\n                    title=\"6-strom\"\n                    alt=\"6-strom\"\n                    src=\"https:\/\/fotorosta.cz\/wp-content\/gallery\/rossviceni-vanocniho-stomecku-2023\/thumbs\/thumbs_6-strom.JPG\"\n                    width=\"100\"\n                    height=\"75\"\n                    style=\"max-width:100%;\"\n                \/>\n            <\/a>\n        <\/div>\n\t\t\t\t\t\t\t<\/div> \n\t\t\t\n\t\t\t\t<div id=\"ngg-image-6\" class=\"ngg-gallery-thumbnail-box \" >\n\t\t\t\t        <div class=\"ngg-gallery-thumbnail\">\n            <a href=\"https:\/\/fotorosta.cz\/wp-content\/gallery\/rossviceni-vanocniho-stomecku-2023\/7-strom.JPG\"\n               title=\"\"\n               data-src=\"https:\/\/fotorosta.cz\/wp-content\/gallery\/rossviceni-vanocniho-stomecku-2023\/7-strom.JPG\"\n               data-thumbnail=\"https:\/\/fotorosta.cz\/wp-content\/gallery\/rossviceni-vanocniho-stomecku-2023\/thumbs\/thumbs_7-strom.JPG\"\n               data-image-id=\"50553\"\n               data-title=\"7-strom\"\n               data-description=\"\"\n               data-image-slug=\"7-strom\"\n               class=\"shutterset_730b4749daf59b119353cbb9b447846a\">\n                <img\n                    title=\"7-strom\"\n                    alt=\"7-strom\"\n                    src=\"https:\/\/fotorosta.cz\/wp-content\/gallery\/rossviceni-vanocniho-stomecku-2023\/thumbs\/thumbs_7-strom.JPG\"\n                    width=\"100\"\n                    height=\"75\"\n                    style=\"max-width:100%;\"\n                \/>\n            <\/a>\n        <\/div>\n\t\t\t\t\t\t\t<\/div> \n\t\t\t\n\t\t\t\t<div id=\"ngg-image-7\" class=\"ngg-gallery-thumbnail-box \" >\n\t\t\t\t        <div class=\"ngg-gallery-thumbnail\">\n            <a href=\"https:\/\/fotorosta.cz\/wp-content\/gallery\/rossviceni-vanocniho-stomecku-2023\/8-strom.JPG\"\n               title=\"\"\n               data-src=\"https:\/\/fotorosta.cz\/wp-content\/gallery\/rossviceni-vanocniho-stomecku-2023\/8-strom.JPG\"\n               data-thumbnail=\"https:\/\/fotorosta.cz\/wp-content\/gallery\/rossviceni-vanocniho-stomecku-2023\/thumbs\/thumbs_8-strom.JPG\"\n               data-image-id=\"50554\"\n               data-title=\"8-strom\"\n               data-description=\"\"\n               data-image-slug=\"8-strom\"\n               class=\"shutterset_730b4749daf59b119353cbb9b447846a\">\n                <img\n                    title=\"8-strom\"\n                    alt=\"8-strom\"\n                    src=\"https:\/\/fotorosta.cz\/wp-content\/gallery\/rossviceni-vanocniho-stomecku-2023\/thumbs\/thumbs_8-strom.JPG\"\n                    width=\"100\"\n                    height=\"75\"\n                    style=\"max-width:100%;\"\n                \/>\n            <\/a>\n        <\/div>\n\t\t\t\t\t\t\t<\/div> \n\t\t\t\n\t\t\t\t<div id=\"ngg-image-8\" class=\"ngg-gallery-thumbnail-box \" >\n\t\t\t\t        <div class=\"ngg-gallery-thumbnail\">\n            <a href=\"https:\/\/fotorosta.cz\/wp-content\/gallery\/rossviceni-vanocniho-stomecku-2023\/9-strom.JPG\"\n               title=\"\"\n               data-src=\"https:\/\/fotorosta.cz\/wp-content\/gallery\/rossviceni-vanocniho-stomecku-2023\/9-strom.JPG\"\n               data-thumbnail=\"https:\/\/fotorosta.cz\/wp-content\/gallery\/rossviceni-vanocniho-stomecku-2023\/thumbs\/thumbs_9-strom.JPG\"\n               data-image-id=\"50555\"\n               data-title=\"9-strom\"\n               data-description=\"\"\n               data-image-slug=\"9-strom\"\n               class=\"shutterset_730b4749daf59b119353cbb9b447846a\">\n                <img\n                    title=\"9-strom\"\n                    alt=\"9-strom\"\n                    src=\"https:\/\/fotorosta.cz\/wp-content\/gallery\/rossviceni-vanocniho-stomecku-2023\/thumbs\/thumbs_9-strom.JPG\"\n                    width=\"100\"\n                    height=\"75\"\n                    style=\"max-width:100%;\"\n                \/>\n            <\/a>\n        <\/div>\n\t\t\t\t\t\t\t<\/div> \n\t\t\t\n\t\t\t\t<div id=\"ngg-image-9\" class=\"ngg-gallery-thumbnail-box \" >\n\t\t\t\t        <div class=\"ngg-gallery-thumbnail\">\n            <a href=\"https:\/\/fotorosta.cz\/wp-content\/gallery\/rossviceni-vanocniho-stomecku-2023\/10-strom.JPG\"\n               title=\"\"\n               data-src=\"https:\/\/fotorosta.cz\/wp-content\/gallery\/rossviceni-vanocniho-stomecku-2023\/10-strom.JPG\"\n               data-thumbnail=\"https:\/\/fotorosta.cz\/wp-content\/gallery\/rossviceni-vanocniho-stomecku-2023\/thumbs\/thumbs_10-strom.JPG\"\n               data-image-id=\"50556\"\n               data-title=\"10-strom\"\n               data-description=\"\"\n               data-image-slug=\"10-strom\"\n               class=\"shutterset_730b4749daf59b119353cbb9b447846a\">\n                <img\n                    title=\"10-strom\"\n                    alt=\"10-strom\"\n                    src=\"https:\/\/fotorosta.cz\/wp-content\/gallery\/rossviceni-vanocniho-stomecku-2023\/thumbs\/thumbs_10-strom.JPG\"\n                    width=\"100\"\n                    height=\"75\"\n                    style=\"max-width:100%;\"\n                \/>\n            <\/a>\n        <\/div>\n\t\t\t\t\t\t\t<\/div> \n\t\t\t\n\t\t\t\t<div id=\"ngg-image-10\" class=\"ngg-gallery-thumbnail-box \" >\n\t\t\t\t        <div class=\"ngg-gallery-thumbnail\">\n            <a href=\"https:\/\/fotorosta.cz\/wp-content\/gallery\/rossviceni-vanocniho-stomecku-2023\/11-strom.JPG\"\n               title=\"\"\n               data-src=\"https:\/\/fotorosta.cz\/wp-content\/gallery\/rossviceni-vanocniho-stomecku-2023\/11-strom.JPG\"\n               data-thumbnail=\"https:\/\/fotorosta.cz\/wp-content\/gallery\/rossviceni-vanocniho-stomecku-2023\/thumbs\/thumbs_11-strom.JPG\"\n               data-image-id=\"50557\"\n               data-title=\"11-strom\"\n               data-description=\"\"\n               data-image-slug=\"11-strom\"\n               class=\"shutterset_730b4749daf59b119353cbb9b447846a\">\n                <img\n                    title=\"11-strom\"\n                    alt=\"11-strom\"\n                    src=\"https:\/\/fotorosta.cz\/wp-content\/gallery\/rossviceni-vanocniho-stomecku-2023\/thumbs\/thumbs_11-strom.JPG\"\n                    width=\"100\"\n                    height=\"75\"\n                    style=\"max-width:100%;\"\n                \/>\n            <\/a>\n        <\/div>\n\t\t\t\t\t\t\t<\/div> \n\t\t\t\n\t\t\t\t<div id=\"ngg-image-11\" class=\"ngg-gallery-thumbnail-box \" >\n\t\t\t\t        <div class=\"ngg-gallery-thumbnail\">\n            <a href=\"https:\/\/fotorosta.cz\/wp-content\/gallery\/rossviceni-vanocniho-stomecku-2023\/12-strom.JPG\"\n               title=\"\"\n               data-src=\"https:\/\/fotorosta.cz\/wp-content\/gallery\/rossviceni-vanocniho-stomecku-2023\/12-strom.JPG\"\n               data-thumbnail=\"https:\/\/fotorosta.cz\/wp-content\/gallery\/rossviceni-vanocniho-stomecku-2023\/thumbs\/thumbs_12-strom.JPG\"\n               data-image-id=\"50558\"\n               data-title=\"12-strom\"\n               data-description=\"\"\n               data-image-slug=\"12-strom\"\n               class=\"shutterset_730b4749daf59b119353cbb9b447846a\">\n                <img\n                    title=\"12-strom\"\n                    alt=\"12-strom\"\n                    src=\"https:\/\/fotorosta.cz\/wp-content\/gallery\/rossviceni-vanocniho-stomecku-2023\/thumbs\/thumbs_12-strom.JPG\"\n                    width=\"100\"\n                    height=\"75\"\n                    style=\"max-width:100%;\"\n                \/>\n            <\/a>\n        <\/div>\n\t\t\t\t\t\t\t<\/div> \n\t\t\t\n\t\t\t\t<div id=\"ngg-image-12\" class=\"ngg-gallery-thumbnail-box \" >\n\t\t\t\t        <div class=\"ngg-gallery-thumbnail\">\n            <a href=\"https:\/\/fotorosta.cz\/wp-content\/gallery\/rossviceni-vanocniho-stomecku-2023\/13-strom.JPG\"\n               title=\"\"\n               data-src=\"https:\/\/fotorosta.cz\/wp-content\/gallery\/rossviceni-vanocniho-stomecku-2023\/13-strom.JPG\"\n               data-thumbnail=\"https:\/\/fotorosta.cz\/wp-content\/gallery\/rossviceni-vanocniho-stomecku-2023\/thumbs\/thumbs_13-strom.JPG\"\n               data-image-id=\"50559\"\n               data-title=\"13-strom\"\n               data-description=\"\"\n               data-image-slug=\"13-strom\"\n               class=\"shutterset_730b4749daf59b119353cbb9b447846a\">\n                <img\n                    title=\"13-strom\"\n                    alt=\"13-strom\"\n                    src=\"https:\/\/fotorosta.cz\/wp-content\/gallery\/rossviceni-vanocniho-stomecku-2023\/thumbs\/thumbs_13-strom.JPG\"\n                    width=\"100\"\n                    height=\"75\"\n                    style=\"max-width:100%;\"\n                \/>\n            <\/a>\n        <\/div>\n\t\t\t\t\t\t\t<\/div> \n\t\t\t\n\t\t\t\t<div id=\"ngg-image-13\" class=\"ngg-gallery-thumbnail-box \" >\n\t\t\t\t        <div class=\"ngg-gallery-thumbnail\">\n            <a href=\"https:\/\/fotorosta.cz\/wp-content\/gallery\/rossviceni-vanocniho-stomecku-2023\/14-strom.JPG\"\n               title=\"\"\n               data-src=\"https:\/\/fotorosta.cz\/wp-content\/gallery\/rossviceni-vanocniho-stomecku-2023\/14-strom.JPG\"\n               data-thumbnail=\"https:\/\/fotorosta.cz\/wp-content\/gallery\/rossviceni-vanocniho-stomecku-2023\/thumbs\/thumbs_14-strom.JPG\"\n               data-image-id=\"50560\"\n               data-title=\"14-strom\"\n               data-description=\"\"\n               data-image-slug=\"14-strom\"\n               class=\"shutterset_730b4749daf59b119353cbb9b447846a\">\n                <img\n                    title=\"14-strom\"\n                    alt=\"14-strom\"\n                    src=\"https:\/\/fotorosta.cz\/wp-content\/gallery\/rossviceni-vanocniho-stomecku-2023\/thumbs\/thumbs_14-strom.JPG\"\n                    width=\"100\"\n                    height=\"75\"\n                    style=\"max-width:100%;\"\n                \/>\n            <\/a>\n        <\/div>\n\t\t\t\t\t\t\t<\/div> \n\t\t\t\n\t\n\t<br style=\"clear: both\" \/>\n\n\t\t<div class=\"slideshowlink\">\n        <a href='https:\/\/fotorosta.cz\/index.php\/nggallery\/slideshow?page_id=6803'>[Show as slideshow]<\/a>\n\t\t\n\t<\/div>\n\t\n\t\t<div class=\"ngg-clear\"><\/div>\n\t<\/div>\n\n","protected":false},"excerpt":{"rendered":"","protected":false},"author":1,"featured_media":0,"parent":4448,"menu_order":24,"comment_status":"closed","ping_status":"closed","template":"","meta":{"ngg_post_thumbnail":0},"_links":{"self":[{"href":"https:\/\/fotorosta.cz\/index.php?rest_route=\/wp\/v2\/pages\/6803"}],"collection":[{"href":"https:\/\/fotorosta.cz\/index.php?rest_route=\/wp\/v2\/pages"}],"about":[{"href":"https:\/\/fotorosta.cz\/index.php?rest_route=\/wp\/v2\/types\/page"}],"author":[{"embeddable":true,"href":"https:\/\/fotorosta.cz\/index.php?rest_route=\/wp\/v2\/users\/1"}],"replies":[{"embeddable":true,"href":"https:\/\/fotorosta.cz\/index.php?rest_route=%2Fwp%2Fv2%2Fcomments&post=6803"}],"version-history":[{"count":1,"href":"https:\/\/fotorosta.cz\/index.php?rest_route=\/wp\/v2\/pages\/6803\/revisions"}],"predecessor-version":[{"id":6804,"href":"https:\/\/fotorosta.cz\/index.php?rest_route=\/wp\/v2\/pages\/6803\/revisions\/6804"}],"up":[{"embeddable":true,"href":"https:\/\/fotorosta.cz\/index.php?rest_route=\/wp\/v2\/pages\/4448"}],"wp:attachment":[{"href":"https:\/\/fotorosta.cz\/index.php?rest_route=%2Fwp%2Fv2%2Fmedia&parent=6803"}],"curies":[{"name":"wp","href":"https:\/\/api.w.org\/{rel}","templated":true}]}}